 base 12
-14
-2 (base 7) to base 16
-2
-246 (base 10) to base 7
-501
Convert -132 (base 5) to base 13.
-33
Convert -7 (base 11) to base 13.
-7
What is 203 (base 4) in base 13?
29
Convert -1 (base 5) to base 12.
-1
Convert -212 (base 4) to base 5.
-123
What is c7 (base 16) in base 9?
241
What is 1 (base 9) in base 6?
1
Convert -2 (base 4) to base 8.
-2
122 (base 11) to base 6
401
8 (base 12) to base 7
11
What is -21 (base 15) in base 8?
-37
What is 2 (base 8) in base 10?
2
What is 133 (base 4) in base 15?
21
2d (base 14) to base 11
38
Convert 1000100 (base 2) to base 14.
4c
What is -1 (base 5) in base 16?
-1
What is -3 (base 10) in base 15?
-3
Convert 1 (base 13) to base 15.
1
-101 (base 7) to base 14
-38
What is 3c (base 13) in base 2?
110011
Convert 4 (base 16) to base 12.
4
122 (base 14) to base 6
1014
2 (base 13) to base 15
2
What is -12 (base 6) in base 8?
-10
Convert 3 (base 8) to base 16.
3
Convert -6 (base 16) to base 11.
-6
-34 (base 7) to base 12
-21
Convert -5 (base 16) to base 10.
-5
Convert 1 (base 3) to base 9.
1
Convert -12 (base 3) to base 8.
-5
1 (base 8) to base 9
1
81 (base 14) to base 4
1301
5 (base 10) to base 14
5
Convert -8 (base 15) to base 14.
-8
Convert 3 (base 7) to base 6.
3
15 (base 7) to base 12
10
Convert -13 (base 4) to base 14.
-7
What is 20 (base 9) in base 14?
14
-200 (base 3) to base 4
-102
-12 (base 5) to base 12
-7
What is -4 (base 16) in base 10?
-4
Convert 176 (base 11) to base 4.
3030
15 (base 10) to base 6
23
Convert -50 (base 10) to base 8.
-62
Convert 122 (base 4) to base 10.
26
What is -22 (base 6) in base 2?
-1110
What is -5e (base 16) in base 7?
-163
-4 (base 14) to base 10
-4
-5 (base 7) to base 15
-5
11 (base 2) to base 13
3
What is 12110 (base 3) in base 2?
10010011
Convert -1 (base 4) to base 10.
-1
Convert c1 (base 14) to base 16.
a9
-3 (base 4) to base 12
-3
What is 8 (base 16) in base 12?
8
-166 (base 11) to base 3
-21011
What is 2 (base 5) in base 12?
2
What is -21 (base 5) in base 15?
-b
What is -320 (base 4) in base 12?
-48
What is 13 (base 12) in base 14?
11
What is -102 (base 3) in base 5?
-21
What is -220 (base 6) in base 11?
-77
1000 (base 2) to base 3
22
-15 (base 16) to base 3
-210
What is 15 (base 7) in base 4?
30
What is -102 (base 3) in base 13?
-b
10 (base 5) to base 8
5
-2 (base 6) to base 11
-2
What is 1 (base 5) in base 4?
1
What is 102 (base 4) in base 9?
20
Convert -1000 (base 2) to base 15.
-8
Convert 3 (base 11) to base 7.
3
5 (base 13) to base 14
5
Convert -9 (base 16) to base 7.
-12
What is 2 (base 6) in base 8?
2
-1a (base 12) to base 13
-19
What is -20 (base 3) in base 16?
-6
What is 10 (base 7) in base 2?
111
What is 0 (base 15) in base 7?
0
What is 11 (base 13) in base 4?
32
Convert 1 (base 10) to base 15.
1
Convert -6 (base 11) to base 8.
-6
Convert -6 (base 8) to base 7.
-6
c4 (base 15) to base 12
134
20 (base 5) to base 13
a
-10 (base 3) to base 7
-3
What is -90 (base 15) in base 7?
-252
-2 (base 3) to base 13
-2
Convert 3 (base 12) to base 5.
3
What is -44 (base 6) in base 16?
-1c
Convert -4 (base 12) to base 15.
-4
Convert -4 (base 10) to base 4.
-10
Convert 232 (base 4) to base 12.
3a
What is -10002 (base 3) in base 4?
-1103
Convert -111010 (base 2) to base 15.
-3d
What is 1001 (base 2) in base 13?
9
114 (base 8) to base 14
56
-10 (base 3) to base 5
-3
24 (base 8) to base 6
32
-81 (base 14) to base 4
-1301
What is -130 (base 6) in base 11?
-4a
-50 (base 7) to base 3
-1022
What is 0 (base 7) in base 4?
0
59 (base 10) to base 3
2012
What is -205 (base 8) in base 3?
-11221
What is -3 (base 6) in base 2?
-11
What is -2 (base 6) in base 4?
-2
What is 11 (base 2) in base 14?
3
-20 (base 5) to base 4
-22
Convert -3 (base 9) to base 16.
-3
Convert a (base 13) to base 3.
101
What is 3 (base 12) in base 6?
3
What is -10101 (base 3) in base 10?
-91
Convert -436 (base 8) to base 12.
-1ba
What is 408 (base 9) in base 13?
1c7
What is -4 (base 16) in base 12?
-4
What is -9 (base 13) in base 4?
-21
What is 7 (base 14) in base 3?
21
What is 1 (base 6) in base 2?
1
423 (base 5) to base 7
221
Convert -11000100 (base 2) to base 14.
-100
1 (base 10) to base 7
1
Convert -10 (base 3) to base 6.
-3
-5 (base 16) to base 11
-5
2 (base 3) to base 6
2
62 (base 8) to base 3
1212
What is a7 (base 16) in base 12?
11b
3 (base 16) to base 4
3
Convert -100 (base 3) to base 16.
-9
What is 103 (base 5) in base 6?
44
Convert -30 (base 15) to base 5.
-140
What is -24 (base 6) in base 16?
-10
Convert -13 (base 5) to base 15.
-8
29 (base 14) to base 8
45
What is 10 (base 5) in base 13?
5
4 (base 6) to base 12
4
5 (base 6) to base 9
5
3 (base 15) to base 9
3
What is 116 (base 8) in base 12?
66
What is -18 (base 9) in base 16?
-11
100110 (base 2) to base 14
2a
What is -11 (base 2) in base 5?
-3
Convert 62 (base 12) to base 4.
1022
3 (base 16) to base 11
3
201 (base 5) to base 13
3c
Convert 11 (base 12) to base 14.
d
Convert -2 (base 11) to base 14.
-2
What is -6 (base 12) in base 6?
-10
110 (base 2) to base 13
6
2 (base 11) to base 14
2
Convert -14 (base 6) to base 3.
-101
What is -20 (base 7) in base 4?
-32
-5 (base 10) to base 11
-5
1010000 (base 2) to base 6
212
Convert 1b (base 16) to base 11.
25
What is 10011 (base 2) in base 10?
19
-5 (base 7) to base 6
-5
-2b (base 14) to base 7
-54
Convert -10010010 (base 2) to base 4.
-2102
What is 346 (base 7) in base 13?
10c
Convert -9 (base 11) to base 8.
-11
Convert -1 (base 11) to base 16.
-1
Convert -47 (base 9) to base 10.
-43
Convert -24 (base 9) to base 4.
-112
Convert 0 (base 9) to base 12.
0
What is 0 (base 14) in base 9?
0
1010 (base 2) to base 14
a
-33 (base 10) to base 2
-100001
Convert -66 (base 9) to base 13.
-48
32 (base 7) to base 12
1b
What is 10 (base 2) in base 11?
2
2 (base 11) to base 3
2
114 (base 9) to base 10
94
-c9 (base 14) to base 5
-1202
3 (base 9) to base 5
3
-2 (base 15) to base 14
-2
What is 54 (base 10) in base 11?
4a
-20 (base 13) to base 14
-1c
88 (base 10) to base 11
80
-111 (base 4) to base 12
-19
What is 211 (base 5) in base 10?
56
-35 (base 16) to base 11
-49
1 (base 13) to base 12
1
Convert 294 (base 10) to base 11.
248
Convert 101 (base 9) to base 2.
1010010
Convert -1001101 (base 2) to base 8.
-115
-1c (base 15) to base 3
-1000
What is -20 (base 4) in base 3?
-22
What is -3 (base 7) in base 4?
-3
-5 (base 14) to base 15
-5
Convert -12 (base 8) to base 10.
-10
Convert -54 (base 6) to base 12.
-2a
Convert -a (base 14) to base 12.
-a
-122 (base 5) to base 6
-101
-12 (base 4) to base 12
-6
What is -43 (base 8) in base 14?
-27
Convert 0 (base 9) to base 13.
0
What is 1034 (base 5) in base 12?
100
13 (base 5) to base 9
8
What is -52 (base 8) in base 12?
-36
What is -1 (base 6) in base 12?
-1
Convert -4 (base 10) to base 12.
-4
Convert -30 (base 16) to base 4.
-300
1010 (base 3) to base 2
11110
-22 (base 4) to base 2
-1010
-11 (base 4) to base 15
-5
What is 11001 (base 2) in base 14?
1b
6 (base 12) to base 8
6
Convert -5 (base 10) to base 15.
-5
What is 23 (base 6) in base 13?
12
What is 22 (base 5) in base 3?
110
-294 (base 11) to base 14
-1a9
Convert 110 (base 6) to base 2.
101010
2 (base 11) to base 15
2
Convert 2 (base 5) to base 11.
2
Convert 0 (base 11) to base 15.
0
Convert e (base 16) to base 10.
14
Convert -10101111 (base 2) to base 16.
-af
-1013 (base 4) to base 10
-71
Convert 144 (base 5) to base 13.
3a
What is -3 (base 15) in base 13?
-3
What is 1 (base 4) in base 6?
1
Convert e4 (base 16) to base 4.
3210
What is 355 (base 6) in base 5?
1033
Convert -71 (base 14) to base 13.
-78
Convert 1a (base 14) to base 11.
22
5 (base 16) to base 3
12
What is -233 (base 8) in base 14?
-b1
What is cd (base 15) in base 4?
3001
What is -20 (base 15) in base 3?
-1010
What is 6 (base 9) in base 6?
10
Convert -b (base 12) to base 13.
-b
What is -1 (base 2) in base 4?
-1
Convert -5 (base 15) to base 6.
-5
2 (base 9) to base 8
2
What is 114 (base 9) in base 7?
163
What is 42 (base 12) in base 8?
62
What is 2 (base 5) in base 8?
2
-72 (base 10) to base 2
-1001000
-2 (base 13) to base 15
-2
Convert -110100 (base 2) to base 6.
-124
What is 200 (base 14) in base 5?
3032
-2 (base 4) to base 11
-2
2 (base 5) to base 6
2
Convert 4 (base 11) to base 16.
4
Convert 3 (base 12) to base 9.
3
Convert 6 (base 8) to base 16.
6
What is 102 (ba